{"id":1574,"date":"2021-11-04T13:10:49","date_gmt":"2021-11-04T13:10:49","guid":{"rendered":"https:\/\/www.fotonet.info?page_id=1574"},"modified":"2022-12-14T16:53:13","modified_gmt":"2022-12-14T16:53:13","slug":"kalendarze","status":"publish","type":"page","link":"https:\/\/www.fotonet.info\/?page_id=1574","title":{"rendered":"Kalendarze"},"content":{"rendered":"\n<div style=\"height:20px\" aria-hidden=\"true\" class=\"wp-block-spacer\"><\/div>\n\n\n\n<hr class=\"wp-block-separator has-text-color has-black-color has-css-opacity has-black-background-color has-background animated fadeInLeft is-style-wide\"\/>\n\n\n\n<h1 class=\"alignfull has-text-align-center animated zoomIn has-text-color wp-block-heading\" style=\"color:#565656\">Kalendarze<\/h1>\n\n\n\n<hr class=\"wp-block-separator has-text-color has-black-color has-css-opacity has-black-background-color has-background animated fadeInRight is-style-wide\"\/>\n\n\n\n<div style=\"height:50px\" aria-hidden=\"true\" class=\"wp-block-spacer\"><\/div>\n\n\n\n<div class=\"wp-block-columns are-vertically-aligned-top is-layout-flex wp-container-core-columns-is-layout-9d6595d7 wp-block-columns-is-layout-flex\">\n<div class=\"wp-block-column is-vertically-aligned-top is-layout-flow wp-block-column-is-layout-flow\">\n<h2 class=\"has-text-align-center wp-block-heading\">Jednostronne i dwustronne<\/h2>\n\n\n<div class=\"wp-block-image\">\n<figure class=\"aligncenter size-full\"><img decoding=\"async\" width=\"394\" height=\"394\" data-src=\"https:\/\/www.fotonet.infowp-content\/uploads\/2021\/12\/6s.png\" alt=\"\" class=\"wp-image-2000 lazyload\" data-srcset=\"https:\/\/www.fotonet.info\/wp-content\/uploads\/2021\/12\/6s.png 394w, https:\/\/www.fotonet.info\/wp-content\/uploads\/2021\/12\/6s-300x300.png 300w, https:\/\/www.fotonet.info\/wp-content\/uploads\/2021\/12\/6s-150x150.png 150w\" data-sizes=\"(max-width: 394px) 100vw, 394px\" src=\"data:image\/svg+xml;base64,PHN2ZyB3aWR0aD0iMSIgaGVpZ2h0PSIxIiB4bWxucz0iaHR0cDovL3d3dy53My5vcmcvMjAwMC9zdmciPjwvc3ZnPg==\" style=\"--smush-placeholder-width: 394px; --smush-placeholder-aspect-ratio: 394\/394;\" \/><\/figure>\n<\/div>\n\n\n<p>Format: 32&#215;45 z bia\u0142\u0105 obw\u00f3dk\u0105<br>Papier: 300 g\/m2 matowy<\/p>\n<\/div>\n\n\n\n<div class=\"wp-block-column is-vertically-aligned-top is-layout-flow wp-block-column-is-layout-flow\">\n<h2 class=\"has-text-align-center wp-block-heading\">Wisz\u0105ce &#8211; mac<\/h2>\n\n\n<div class=\"wp-block-image\">\n<figure class=\"aligncenter size-full\"><img decoding=\"async\" width=\"315\" height=\"315\" data-src=\"https:\/\/www.fotonet.infowp-content\/uploads\/2021\/12\/1S.png\" alt=\"\" class=\"wp-image-2001 lazyload\" data-srcset=\"https:\/\/www.fotonet.info\/wp-content\/uploads\/2021\/12\/1S.png 315w, https:\/\/www.fotonet.info\/wp-content\/uploads\/2021\/12\/1S-300x300.png 300w, https:\/\/www.fotonet.info\/wp-content\/uploads\/2021\/12\/1S-150x150.png 150w\" data-sizes=\"(max-width: 315px) 100vw, 315px\" src=\"data:image\/svg+xml;base64,PHN2ZyB3aWR0aD0iMSIgaGVpZ2h0PSIxIiB4bWxucz0iaHR0cDovL3d3dy53My5vcmcvMjAwMC9zdmciPjwvc3ZnPg==\" style=\"--smush-placeholder-width: 315px; --smush-placeholder-aspect-ratio: 315\/315;\" \/><\/figure>\n<\/div>\n\n\n<h3 style=\"text-align: center;\"><a href=\"https:\/\/www.fotonet.info?page_id=2394\">Zobacz nasze wzory!<\/a><\/h3>\n\n\n\n<p><span class=\"font\">\u2022 Kalendarz wisz\u0105cy, 12-miesi\u0119czny, spiralowany po\u015brodku, mo\u017ce zaczyna\u0107 si\u0119 od dowolnego miesi\u0105ca, nie koniecznie od stycznia<br>\u2022<\/span>&nbsp;<span class=\"font\">Ilo\u015b\u0107 zdj\u0119\u0107 w kalendarzu: 1+12 (na stronie tytu\u0142owej mo\u017cna umie\u015bci\u0107 tekst w jednej linijce, np. wakacje 2011)<\/span><br><span class=\"font\">\u2022 Format &#8211;&nbsp;<span class=\"menu\">27,5&#215;22 cm po roz\u0142o\u017ceniu 27,5&#215;44 cm<\/span><br>\u2022 Papier &#8211; druk cyfrowy 200g\/m2 matowy<\/span><\/p>\n<\/div>\n\n\n\n<div class=\"wp-block-column is-vertically-aligned-top is-layout-flow wp-block-column-is-layout-flow\">\n<h2 class=\"has-text-align-center wp-block-heading\">Wisz\u0105ce<\/h2>\n\n\n<div class=\"wp-block-image\">\n<figure class=\"aligncenter size-full\"><img decoding=\"async\" width=\"370\" height=\"370\" data-src=\"https:\/\/www.fotonet.infowp-content\/uploads\/2022\/01\/wiszace.png\" alt=\"\" class=\"wp-image-2391 lazyload\" data-srcset=\"https:\/\/www.fotonet.info\/wp-content\/uploads\/2022\/01\/wiszace.png 370w, https:\/\/www.fotonet.info\/wp-content\/uploads\/2022\/01\/wiszace-300x300.png 300w, https:\/\/www.fotonet.info\/wp-content\/uploads\/2022\/01\/wiszace-150x150.png 150w\" data-sizes=\"(max-width: 370px) 100vw, 370px\" src=\"data:image\/svg+xml;base64,PHN2ZyB3aWR0aD0iMSIgaGVpZ2h0PSIxIiB4bWxucz0iaHR0cDovL3d3dy53My5vcmcvMjAwMC9zdmciPjwvc3ZnPg==\" style=\"--smush-placeholder-width: 370px; --smush-placeholder-aspect-ratio: 370\/370;\" \/><\/figure>\n<\/div>\n\n\n<p><span class=\"font\">\u2022 Format &#8211; 32&#215;45, 22&#215;31, 14&#215;31<br>\u2022 Papier &#8211; 160 g\/m2 matowy spiralowany<\/span><\/p>\n<\/div>\n\n\n\n<div class=\"wp-block-column is-vertically-aligned-top is-layout-flow wp-block-column-is-layout-flow\">\n<h2 class=\"has-text-align-center wp-block-heading\">Biurowy<\/h2>\n\n\n<div class=\"wp-block-image\">\n<figure class=\"aligncenter size-full\"><img decoding=\"async\" width=\"394\" height=\"394\" data-src=\"https:\/\/www.fotonet.infowp-content\/uploads\/2021\/12\/5S.png\" alt=\"\" class=\"wp-image-2002 lazyload\" data-srcset=\"https:\/\/www.fotonet.info\/wp-content\/uploads\/2021\/12\/5S.png 394w, https:\/\/www.fotonet.info\/wp-content\/uploads\/2021\/12\/5S-300x300.png 300w, https:\/\/www.fotonet.info\/wp-content\/uploads\/2021\/12\/5S-150x150.png 150w\" data-sizes=\"(max-width: 394px) 100vw, 394px\" src=\"data:image\/svg+xml;base64,PHN2ZyB3aWR0aD0iMSIgaGVpZ2h0PSIxIiB4bWxucz0iaHR0cDovL3d3dy53My5vcmcvMjAwMC9zdmciPjwvc3ZnPg==\" style=\"--smush-placeholder-width: 394px; --smush-placeholder-aspect-ratio: 394\/394;\" \/><\/figure>\n<\/div>\n\n\n<p><span class=\"font\">\u2022 Kalendarz stoj\u0105cy, spiralowany, 12 miesi\u0119cy na osobnych kartach do przewracania, druk jednostronny<\/span><br><span class=\"font\">\u2022 Format &#8211;&nbsp;<span class=\"menu\">10&#215;26 cm, minimalna ilo\u015b\u0107 1 szt.<\/span><br>\u2022 Papier &#8211; druk cyfrowy 300g\/m2<\/span><\/p>\n<\/div>\n<\/div>\n\n\n\n<div class=\"wp-block-columns are-vertically-aligned-top is-layout-flex wp-container-core-columns-is-layout-9d6595d7 wp-block-columns-is-layout-flex\">\n<div class=\"wp-block-column is-vertically-aligned-top is-layout-flow wp-block-column-is-layout-flow\">\n<h2 class=\"has-text-align-center wp-block-heading\">Jednodzielny<\/h2>\n\n\n<div class=\"wp-block-image\">\n<figure class=\"aligncenter size-full\"><img decoding=\"async\" width=\"591\" height=\"591\" data-src=\"https:\/\/www.fotonet.infowp-content\/uploads\/2021\/12\/2S.png\" alt=\"\" class=\"wp-image-2003 lazyload\" data-srcset=\"https:\/\/www.fotonet.info\/wp-content\/uploads\/2021\/12\/2S.png 591w, https:\/\/www.fotonet.info\/wp-content\/uploads\/2021\/12\/2S-300x300.png 300w, https:\/\/www.fotonet.info\/wp-content\/uploads\/2021\/12\/2S-150x150.png 150w\" data-sizes=\"(max-width: 591px) 100vw, 591px\" src=\"data:image\/svg+xml;base64,PHN2ZyB3aWR0aD0iMSIgaGVpZ2h0PSIxIiB4bWxucz0iaHR0cDovL3d3dy53My5vcmcvMjAwMC9zdmciPjwvc3ZnPg==\" style=\"--smush-placeholder-width: 591px; --smush-placeholder-aspect-ratio: 591\/591;\" \/><\/figure>\n<\/div>\n\n\n<p>\u2022 Kalendarz wisz\u0105cy z odrywanym kalendarium, druk jednostronny<br>\u2022 Format &#8211; 32&#215;45 cm<br>\u2022 Papier &#8211; druk cyfrowy 300g\/m2<\/p>\n<\/div>\n\n\n\n<div class=\"wp-block-column is-vertically-aligned-top is-layout-flow wp-block-column-is-layout-flow\">\n<h2 class=\"has-text-align-center wp-block-heading\">Tr\u00f3jdzielny<\/h2>\n\n\n<div class=\"wp-block-image\">\n<figure class=\"aligncenter size-full\"><img decoding=\"async\" width=\"394\" height=\"394\" data-src=\"https:\/\/www.fotonet.info\/wp-content\/uploads\/2022\/05\/7s.png\" alt=\"\" class=\"wp-image-2564 lazyload\" data-srcset=\"https:\/\/www.fotonet.info\/wp-content\/uploads\/2022\/05\/7s.png 394w, https:\/\/www.fotonet.info\/wp-content\/uploads\/2022\/05\/7s-300x300.png 300w, https:\/\/www.fotonet.info\/wp-content\/uploads\/2022\/05\/7s-150x150.png 150w\" data-sizes=\"(max-width: 394px) 100vw, 394px\" src=\"data:image\/svg+xml;base64,PHN2ZyB3aWR0aD0iMSIgaGVpZ2h0PSIxIiB4bWxucz0iaHR0cDovL3d3dy53My5vcmcvMjAwMC9zdmciPjwvc3ZnPg==\" style=\"--smush-placeholder-width: 394px; --smush-placeholder-aspect-ratio: 394\/394;\" \/><\/figure>\n<\/div>\n\n\n<p><span class=\"font\">\u2022 Kalendarz wisz\u0105cy z odrywanym kalendarium, druk jednostronny<br>\u2022 Format &#8211; 29,3&#215;70 cm<br>\u2022 Papier &#8211; druk cyfrowy 300g\/m2<br>\u2022 Kalendarium koloru bia\u0142ego,<br>\u2022 Czerwone okienka.<\/span><\/p>\n<\/div>\n\n\n\n<div class=\"wp-block-column is-vertically-aligned-top is-layout-flow wp-block-column-is-layout-flow\">\n<h2 class=\"has-text-align-center wp-block-heading\">Terminarz<\/h2>\n\n\n<div class=\"wp-block-image\">\n<figure class=\"aligncenter size-full is-resized\"><img decoding=\"async\" data-src=\"https:\/\/www.fotonet.infowp-content\/uploads\/2021\/12\/4S.png\" alt=\"\" class=\"wp-image-2005 lazyload\" width=\"378\" height=\"378\" data-srcset=\"https:\/\/www.fotonet.info\/wp-content\/uploads\/2021\/12\/4S.png 335w, https:\/\/www.fotonet.info\/wp-content\/uploads\/2021\/12\/4S-300x300.png 300w, https:\/\/www.fotonet.info\/wp-content\/uploads\/2021\/12\/4S-150x150.png 150w\" data-sizes=\"(max-width: 378px) 100vw, 378px\" src=\"data:image\/svg+xml;base64,PHN2ZyB3aWR0aD0iMSIgaGVpZ2h0PSIxIiB4bWxucz0iaHR0cDovL3d3dy53My5vcmcvMjAwMC9zdmciPjwvc3ZnPg==\" style=\"--smush-placeholder-width: 378px; --smush-placeholder-aspect-ratio: 378\/378;\" \/><\/figure>\n<\/div>\n\n\n<p style=\"text-align: center;\">\u2022 Format: 15&#215;21 cm, minimalna ilo\u015b\u0107 1 szt.<br>\u2022 Ok\u0142adka personalizowana, drukowana, laminowana foli\u0105 b\u0142yszcz\u0105c\u0105, twarda lub z wype\u0142nieniem piankowym<br><strong>A. Uk\u0142ad dzienny, ilo\u015b\u0107 stron 368<\/strong><br><strong>B. Uk\u0142ad tygodniowy, ilo\u015b\u0107 160<\/strong><\/p>\n<\/div>\n<\/div>\n\n\n\n<div style=\"height:20px\" aria-hidden=\"true\" class=\"wp-block-spacer\"><\/div>\n\n\n\n<div style=\"height:80px\" aria-hidden=\"true\" class=\"wp-block-spacer\"><\/div>\n\n\n\n<h2 class=\"has-text-align-center has-text-color wp-block-heading\" style=\"color:#ff0000\">Wzory kalendarzy (E-Foto Print) &#8211; 2023<\/h2>\n\n\n<div class=\"wp-block-image\">\n<figure class=\"aligncenter size-full is-resized\"><img decoding=\"async\" data-src=\"https:\/\/www.fotonet.info\/wp-content\/uploads\/2022\/11\/kalendarze2023.png\" alt=\"\" class=\"wp-image-2914 lazyload\" width=\"223\" height=\"223\" data-srcset=\"https:\/\/www.fotonet.info\/wp-content\/uploads\/2022\/11\/kalendarze2023.png 1761w, https:\/\/www.fotonet.info\/wp-content\/uploads\/2022\/11\/kalendarze2023-300x300.png 300w, https:\/\/www.fotonet.info\/wp-content\/uploads\/2022\/11\/kalendarze2023-1024x1024.png 1024w, https:\/\/www.fotonet.info\/wp-content\/uploads\/2022\/11\/kalendarze2023-150x150.png 150w, https:\/\/www.fotonet.info\/wp-content\/uploads\/2022\/11\/kalendarze2023-768x768.png 768w, https:\/\/www.fotonet.info\/wp-content\/uploads\/2022\/11\/kalendarze2023-1536x1536.png 1536w\" data-sizes=\"(max-width: 223px) 100vw, 223px\" src=\"data:image\/svg+xml;base64,PHN2ZyB3aWR0aD0iMSIgaGVpZ2h0PSIxIiB4bWxucz0iaHR0cDovL3d3dy53My5vcmcvMjAwMC9zdmciPjwvc3ZnPg==\" style=\"--smush-placeholder-width: 223px; --smush-placeholder-aspect-ratio: 223\/223;\" \/><\/figure>\n<\/div>\n\n\n<div class=\"wp-block-columns is-layout-flex wp-container-core-columns-is-layout-9d6595d7 wp-block-columns-is-layout-flex\">\n<div class=\"wp-block-column is-layout-flow wp-block-column-is-layout-flow\">\n<div class=\"wp-block-file aligncenter\"><a id=\"wp-block-file--media-ba9e2876-493f-4c2c-a8ab-a09ae280eace\" href=\"https:\/\/www.fotonet.info\/wp-content\/uploads\/2022\/11\/Version_1_content_add.exe\">Kalendaria Pionowe 32x45_2023<\/a><a href=\"https:\/\/www.fotonet.info\/wp-content\/uploads\/2022\/11\/Version_1_content_add.exe\" class=\"wp-block-file__button wp-element-button\" download aria-describedby=\"wp-block-file--media-ba9e2876-493f-4c2c-a8ab-a09ae280eace\">Pobierz<\/a><\/div>\n<\/div>\n\n\n\n<div class=\"wp-block-column is-layout-flow wp-block-column-is-layout-flow\">\n<div class=\"wp-block-file aligncenter\"><a id=\"wp-block-file--media-b927c92c-8384-4780-88d3-d22d74fd6143\" href=\"https:\/\/www.fotonet.info\/wp-content\/uploads\/2022\/12\/Kalendarze-2023-14x30-1.exe\">Kalendaria 14x30_2023<\/a><a href=\"https:\/\/www.fotonet.info\/wp-content\/uploads\/2022\/12\/Kalendarze-2023-14x30-1.exe\" class=\"wp-block-file__button wp-element-button\" download aria-describedby=\"wp-block-file--media-b927c92c-8384-4780-88d3-d22d74fd6143\">Pobierz<\/a><\/div>\n<\/div>\n\n\n\n<div class=\"wp-block-column is-layout-flow wp-block-column-is-layout-flow\">\n<div class=\"wp-block-file aligncenter\"><a id=\"wp-block-file--media-12b6641b-0fbc-4c5c-bc67-762a80a3d63f\" href=\"https:\/\/www.fotonet.info\/wp-content\/uploads\/2022\/12\/Kalendarze-2023-22x31-1.exe\">Kalendaria 22x31_2023<\/a><a href=\"https:\/\/www.fotonet.info\/wp-content\/uploads\/2022\/12\/Kalendarze-2023-22x31-1.exe\" class=\"wp-block-file__button wp-element-button\" download aria-describedby=\"wp-block-file--media-12b6641b-0fbc-4c5c-bc67-762a80a3d63f\">Pobierz<\/a><\/div>\n<\/div>\n\n\n\n<div class=\"wp-block-column is-layout-flow wp-block-column-is-layout-flow\">\n<div class=\"wp-block-file\"><a id=\"wp-block-file--media-4a915866-ed92-446a-a7e7-5e5684f73dd3\" href=\"https:\/\/www.fotonet.info\/wp-content\/uploads\/2022\/12\/kalendarz-biurkowy-2023.exe\">Kalendaria Biurkowe 2023<\/a><a href=\"https:\/\/www.fotonet.info\/wp-content\/uploads\/2022\/12\/kalendarz-biurkowy-2023.exe\" class=\"wp-block-file__button wp-element-button\" download aria-describedby=\"wp-block-file--media-4a915866-ed92-446a-a7e7-5e5684f73dd3\">Pobierz<\/a><\/div>\n<\/div>\n<\/div>\n\n\n\n<div style=\"height:80px\" aria-hidden=\"true\" class=\"wp-block-spacer\"><\/div>\n\n\n\n<hr class=\"wp-block-separator has-css-opacity is-style-wide\"\/>\n\n\n<h4 style=\"text-align: center;\"><strong>Nasi graficy s\u0105 do Twojej dyspozycji! Zadzwo\u0144 i <span style=\"color: #ff0000;\">zam\u00f3w wykonanie projektu:<\/span> <a href=\"callto:+48510238968\">+48 510 238 968<\/a><\/strong><\/h4>\n\n\n<hr class=\"wp-block-separator has-css-opacity is-style-wide\"\/>\n\n\n\n<div style=\"height:50px\" aria-hidden=\"true\" class=\"wp-block-spacer\"><\/div>\n\n\n\n<div class=\"wp-block-buttons is-layout-flex wp-block-buttons-is-layout-flex\">\n<div class=\"wp-block-button is-style-outline is-style-outline--1\"><a class=\"wp-block-button__link has-black-color has-text-color wp-element-button\" href=\"https:\/\/www.fotonet.info\">Wr\u00f3\u0107<\/a><\/div>\n<\/div>\n\n\n\n<p><\/p>\n\n\n\n<p><\/p>\n","protected":false},"excerpt":{"rendered":"<p>Kalendarze Jednostronne i dwustronne Format: 32&#215;45 z bia\u0142\u0105 obw\u00f3dk\u0105Papier: 300 g\/m2 matowy Wisz\u0105ce &#8211; mac Zobacz nasze wzory! \u2022 Kalendarz&hellip;<\/p>\n","protected":false},"author":1,"featured_media":0,"parent":0,"menu_order":0,"comment_status":"closed","ping_status":"closed","template":"","meta":{"footnotes":""},"class_list":["post-1574","page","type-page","status-publish","hentry"],"yoast_head":"<!-- This site is optimized with the Yoast SEO plugin v27.5 - https:\/\/yoast.com\/product\/yoast-seo-wordpress\/ -->\n<title>Kalendarze - Druk - Projekty - Tychy - \u015al\u0105sk<\/title>\n<meta name=\"description\" content=\"Wystawy fotograficzne, wywo\u0142ywanie zdj\u0119\u0107 oraz pe\u0142na gama foto-produkt\u00f3w! Zapraszamy do naszego sklepu w Tychach! + 48 510 238 968\" \/>\n<meta name=\"robots\" content=\"index, follow, max-snippet:-1, max-image-preview:large, max-video-preview:-1\" \/>\n<link rel=\"canonical\" href=\"https:\/\/www.fotonet.info\/?page_id=1574\" \/>\n<meta property=\"og:locale\" content=\"en_US\" \/>\n<meta property=\"og:type\" content=\"article\" \/>\n<meta property=\"og:title\" content=\"Kalendarze - Druk - Projekty - Tychy - \u015al\u0105sk\" \/>\n<meta property=\"og:description\" content=\"Wystawy fotograficzne, wywo\u0142ywanie zdj\u0119\u0107 oraz pe\u0142na gama foto-produkt\u00f3w! Zapraszamy do naszego sklepu w Tychach! + 48 510 238 968\" \/>\n<meta property=\"og:url\" content=\"https:\/\/www.fotonet.info\/?page_id=1574\" \/>\n<meta property=\"og:site_name\" content=\"Fotonet\" \/>\n<meta property=\"article:publisher\" content=\"https:\/\/www.facebook.com\/fotonettychy\/\" \/>\n<meta property=\"article:modified_time\" content=\"2022-12-14T16:53:13+00:00\" \/>\n<meta property=\"og:image\" content=\"https:\/\/www.fotonet.infowp-content\/uploads\/2021\/12\/6s.png\" \/>\n<meta name=\"twitter:card\" content=\"summary_large_image\" \/>\n<meta name=\"twitter:label1\" content=\"Est. reading time\" \/>\n\t<meta name=\"twitter:data1\" content=\"3 minutes\" \/>\n<script type=\"application\/ld+json\" class=\"yoast-schema-graph\">{\"@context\":\"https:\\\/\\\/schema.org\",\"@graph\":[{\"@type\":\"WebPage\",\"@id\":\"https:\\\/\\\/www.fotonet.info\\\/?page_id=1574\",\"url\":\"https:\\\/\\\/www.fotonet.info\\\/?page_id=1574\",\"name\":\"Kalendarze - Druk - Projekty - Tychy - \u015al\u0105sk\",\"isPartOf\":{\"@id\":\"https:\\\/\\\/www.fotonet.info\\\/#website\"},\"primaryImageOfPage\":{\"@id\":\"https:\\\/\\\/www.fotonet.info\\\/?page_id=1574#primaryimage\"},\"image\":{\"@id\":\"https:\\\/\\\/www.fotonet.info\\\/?page_id=1574#primaryimage\"},\"thumbnailUrl\":\"https:\\\/\\\/www.fotonet.infowp-content\\\/uploads\\\/2021\\\/12\\\/6s.png\",\"datePublished\":\"2021-11-04T13:10:49+00:00\",\"dateModified\":\"2022-12-14T16:53:13+00:00\",\"description\":\"Wystawy fotograficzne, wywo\u0142ywanie zdj\u0119\u0107 oraz pe\u0142na gama foto-produkt\u00f3w! Zapraszamy do naszego sklepu w Tychach! + 48 510 238 968\",\"breadcrumb\":{\"@id\":\"https:\\\/\\\/www.fotonet.info\\\/?page_id=1574#breadcrumb\"},\"inLanguage\":\"en-US\",\"potentialAction\":[{\"@type\":\"ReadAction\",\"target\":[\"https:\\\/\\\/www.fotonet.info\\\/?page_id=1574\"]}]},{\"@type\":\"ImageObject\",\"inLanguage\":\"en-US\",\"@id\":\"https:\\\/\\\/www.fotonet.info\\\/?page_id=1574#primaryimage\",\"url\":\"https:\\\/\\\/www.fotonet.infowp-content\\\/uploads\\\/2021\\\/12\\\/6s.png\",\"contentUrl\":\"https:\\\/\\\/www.fotonet.infowp-content\\\/uploads\\\/2021\\\/12\\\/6s.png\"},{\"@type\":\"BreadcrumbList\",\"@id\":\"https:\\\/\\\/www.fotonet.info\\\/?page_id=1574#breadcrumb\",\"itemListElement\":[{\"@type\":\"ListItem\",\"position\":1,\"name\":\"Home\",\"item\":\"https:\\\/\\\/www.fotonet.info\\\/\"},{\"@type\":\"ListItem\",\"position\":2,\"name\":\"Kalendarze\"}]},{\"@type\":\"WebSite\",\"@id\":\"https:\\\/\\\/www.fotonet.info\\\/#website\",\"url\":\"https:\\\/\\\/www.fotonet.info\\\/\",\"name\":\"Fotonet\",\"description\":\"Magia Druku i Fotografii\",\"publisher\":{\"@id\":\"https:\\\/\\\/www.fotonet.info\\\/#organization\"},\"potentialAction\":[{\"@type\":\"SearchAction\",\"target\":{\"@type\":\"EntryPoint\",\"urlTemplate\":\"https:\\\/\\\/www.fotonet.info\\\/?s={search_term_string}\"},\"query-input\":{\"@type\":\"PropertyValueSpecification\",\"valueRequired\":true,\"valueName\":\"search_term_string\"}}],\"inLanguage\":\"en-US\"},{\"@type\":\"Organization\",\"@id\":\"https:\\\/\\\/www.fotonet.info\\\/#organization\",\"name\":\"Fotonet\",\"url\":\"https:\\\/\\\/www.fotonet.info\\\/\",\"logo\":{\"@type\":\"ImageObject\",\"inLanguage\":\"en-US\",\"@id\":\"https:\\\/\\\/www.fotonet.info\\\/#\\\/schema\\\/logo\\\/image\\\/\",\"url\":\"https:\\\/\\\/www.fotonet.info\\\/wp-content\\\/uploads\\\/2022\\\/06\\\/Logo_Kwadrat.jpg\",\"contentUrl\":\"https:\\\/\\\/www.fotonet.info\\\/wp-content\\\/uploads\\\/2022\\\/06\\\/Logo_Kwadrat.jpg\",\"width\":1181,\"height\":1181,\"caption\":\"Fotonet\"},\"image\":{\"@id\":\"https:\\\/\\\/www.fotonet.info\\\/#\\\/schema\\\/logo\\\/image\\\/\"},\"sameAs\":[\"https:\\\/\\\/www.facebook.com\\\/fotonettychy\\\/\",\"https:\\\/\\\/www.instagram.com\\\/fotonet_tychy\\\/\"]}]}<\/script>\n<!-- \/ Yoast SEO plugin. -->","yoast_head_json":{"title":"Kalendarze - Druk - Projekty - Tychy - \u015al\u0105sk","description":"Wystawy fotograficzne, wywo\u0142ywanie zdj\u0119\u0107 oraz pe\u0142na gama foto-produkt\u00f3w! Zapraszamy do naszego sklepu w Tychach! + 48 510 238 968","robots":{"index":"index","follow":"follow","max-snippet":"max-snippet:-1","max-image-preview":"max-image-preview:large","max-video-preview":"max-video-preview:-1"},"canonical":"https:\/\/www.fotonet.info\/?page_id=1574","og_locale":"en_US","og_type":"article","og_title":"Kalendarze - Druk - Projekty - Tychy - \u015al\u0105sk","og_description":"Wystawy fotograficzne, wywo\u0142ywanie zdj\u0119\u0107 oraz pe\u0142na gama foto-produkt\u00f3w! Zapraszamy do naszego sklepu w Tychach! + 48 510 238 968","og_url":"https:\/\/www.fotonet.info\/?page_id=1574","og_site_name":"Fotonet","article_publisher":"https:\/\/www.facebook.com\/fotonettychy\/","article_modified_time":"2022-12-14T16:53:13+00:00","og_image":[{"url":"https:\/\/www.fotonet.infowp-content\/uploads\/2021\/12\/6s.png","type":"","width":"","height":""}],"twitter_card":"summary_large_image","twitter_misc":{"Est. reading time":"3 minutes"},"schema":{"@context":"https:\/\/schema.org","@graph":[{"@type":"WebPage","@id":"https:\/\/www.fotonet.info\/?page_id=1574","url":"https:\/\/www.fotonet.info\/?page_id=1574","name":"Kalendarze - Druk - Projekty - Tychy - \u015al\u0105sk","isPartOf":{"@id":"https:\/\/www.fotonet.info\/#website"},"primaryImageOfPage":{"@id":"https:\/\/www.fotonet.info\/?page_id=1574#primaryimage"},"image":{"@id":"https:\/\/www.fotonet.info\/?page_id=1574#primaryimage"},"thumbnailUrl":"https:\/\/www.fotonet.infowp-content\/uploads\/2021\/12\/6s.png","datePublished":"2021-11-04T13:10:49+00:00","dateModified":"2022-12-14T16:53:13+00:00","description":"Wystawy fotograficzne, wywo\u0142ywanie zdj\u0119\u0107 oraz pe\u0142na gama foto-produkt\u00f3w! Zapraszamy do naszego sklepu w Tychach! + 48 510 238 968","breadcrumb":{"@id":"https:\/\/www.fotonet.info\/?page_id=1574#breadcrumb"},"inLanguage":"en-US","potentialAction":[{"@type":"ReadAction","target":["https:\/\/www.fotonet.info\/?page_id=1574"]}]},{"@type":"ImageObject","inLanguage":"en-US","@id":"https:\/\/www.fotonet.info\/?page_id=1574#primaryimage","url":"https:\/\/www.fotonet.infowp-content\/uploads\/2021\/12\/6s.png","contentUrl":"https:\/\/www.fotonet.infowp-content\/uploads\/2021\/12\/6s.png"},{"@type":"BreadcrumbList","@id":"https:\/\/www.fotonet.info\/?page_id=1574#breadcrumb","itemListElement":[{"@type":"ListItem","position":1,"name":"Home","item":"https:\/\/www.fotonet.info\/"},{"@type":"ListItem","position":2,"name":"Kalendarze"}]},{"@type":"WebSite","@id":"https:\/\/www.fotonet.info\/#website","url":"https:\/\/www.fotonet.info\/","name":"Fotonet","description":"Magia Druku i Fotografii","publisher":{"@id":"https:\/\/www.fotonet.info\/#organization"},"potentialAction":[{"@type":"SearchAction","target":{"@type":"EntryPoint","urlTemplate":"https:\/\/www.fotonet.info\/?s={search_term_string}"},"query-input":{"@type":"PropertyValueSpecification","valueRequired":true,"valueName":"search_term_string"}}],"inLanguage":"en-US"},{"@type":"Organization","@id":"https:\/\/www.fotonet.info\/#organization","name":"Fotonet","url":"https:\/\/www.fotonet.info\/","logo":{"@type":"ImageObject","inLanguage":"en-US","@id":"https:\/\/www.fotonet.info\/#\/schema\/logo\/image\/","url":"https:\/\/www.fotonet.info\/wp-content\/uploads\/2022\/06\/Logo_Kwadrat.jpg","contentUrl":"https:\/\/www.fotonet.info\/wp-content\/uploads\/2022\/06\/Logo_Kwadrat.jpg","width":1181,"height":1181,"caption":"Fotonet"},"image":{"@id":"https:\/\/www.fotonet.info\/#\/schema\/logo\/image\/"},"sameAs":["https:\/\/www.facebook.com\/fotonettychy\/","https:\/\/www.instagram.com\/fotonet_tychy\/"]}]}},"_links":{"self":[{"href":"https:\/\/www.fotonet.info\/index.php?rest_route=\/wp\/v2\/pages\/1574","targetHints":{"allow":["GET"]}}],"collection":[{"href":"https:\/\/www.fotonet.info\/index.php?rest_route=\/wp\/v2\/pages"}],"about":[{"href":"https:\/\/www.fotonet.info\/index.php?rest_route=\/wp\/v2\/types\/page"}],"author":[{"embeddable":true,"href":"https:\/\/www.fotonet.info\/index.php?rest_route=\/wp\/v2\/users\/1"}],"replies":[{"embeddable":true,"href":"https:\/\/www.fotonet.info\/index.php?rest_route=%2Fwp%2Fv2%2Fcomments&post=1574"}],"version-history":[{"count":0,"href":"https:\/\/www.fotonet.info\/index.php?rest_route=\/wp\/v2\/pages\/1574\/revisions"}],"wp:attachment":[{"href":"https:\/\/www.fotonet.info\/index.php?rest_route=%2Fwp%2Fv2%2Fmedia&parent=1574"}],"curies":[{"name":"wp","href":"https:\/\/api.w.org\/{rel}","templated":true}]}}