{"id":485,"date":"2021-09-22T18:41:09","date_gmt":"2021-09-22T18:41:09","guid":{"rendered":"http:\/\/wwwtest.fotonet.info\/?page_id=485"},"modified":"2022-08-24T13:20:22","modified_gmt":"2022-08-24T13:20:22","slug":"zdjecia-podstawowe-2","status":"publish","type":"page","link":"https:\/\/www.fotonet.info\/?page_id=485","title":{"rendered":"Zdj\u0119cia podstawowe"},"content":{"rendered":"\n<div style=\"height:20px\" aria-hidden=\"true\" class=\"wp-block-spacer\"><\/div>\n\n\n\n<hr class=\"wp-block-separator has-text-color has-black-color has-css-opacity has-black-background-color has-background animated fadeInLeft is-style-wide\"\/>\n\n\n\n<h1 class=\"alignfull has-text-align-center animated zoomIn has-text-color wp-block-heading\" style=\"color:#565656\">Zdj\u0119cia Podstawowe<\/h1>\n\n\n\n<hr class=\"wp-block-separator has-text-color has-black-color has-css-opacity has-black-background-color has-background animated fadeInRight is-style-wide\"\/>\n\n\n\n<div style=\"height:50px\" aria-hidden=\"true\" class=\"wp-block-spacer\"><\/div>\n\n\n\n\n\n\n<div class=\"wp-block-columns is-layout-flex wp-container-core-columns-is-layout-9d6595d7 wp-block-columns-is-layout-flex\">\n<div class=\"wp-block-column animated fadeInLeftBig is-layout-flow wp-block-column-is-layout-flow\">\n<hr class=\"wp-block-separator has-text-color has-black-color has-css-opacity has-black-background-color has-background is-style-wide\"\/>\n\n\n\n<h3 class=\"has-text-align-center has-text-color has-background wp-block-heading\" style=\"background-color:#ffffff;color:#565656\">Formaty<\/h3>\n\n\n\n<hr class=\"wp-block-separator has-text-color has-black-color has-css-opacity has-black-background-color has-background is-style-wide\"\/>\n\n\n<div class=\"wp-block-image\">\n<figure class=\"aligncenter size-full\"><img decoding=\"async\" width=\"591\" height=\"336\" data-src=\"https:\/\/www.fotonet.info\/wp-content\/uploads\/2021\/12\/Formaty-podstawowe_s.png\" alt=\"\" class=\"wp-image-1952 lazyload\" data-srcset=\"https:\/\/www.fotonet.info\/wp-content\/uploads\/2021\/12\/Formaty-podstawowe_s.png 591w, https:\/\/www.fotonet.info\/wp-content\/uploads\/2021\/12\/Formaty-podstawowe_s-300x171.png 300w\" data-sizes=\"(max-width: 591px) 100vw, 591px\" src=\"data:image\/svg+xml;base64,PHN2ZyB3aWR0aD0iMSIgaGVpZ2h0PSIxIiB4bWxucz0iaHR0cDovL3d3dy53My5vcmcvMjAwMC9zdmciPjwvc3ZnPg==\" style=\"--smush-placeholder-width: 591px; --smush-placeholder-aspect-ratio: 591\/336;\" \/><\/figure>\n<\/div>\n\n\n<div class=\"wp-block-columns is-layout-flex wp-container-core-columns-is-layout-9d6595d7 wp-block-columns-is-layout-flex\">\n<div class=\"wp-block-column is-layout-flow wp-block-column-is-layout-flow\">\n<h5 style=\"text-align: center;\"><span style=\"font-size: revert; color: initial; font-family: -apple-system, BlinkMacSystemFont, 'Segoe UI', Roboto, Oxygen-Sans, Ubuntu, Cantarell, 'Helvetica Neue', sans-serif;\">Ma\u0142e<\/span><\/h5>\n<p style=\"text-align: center;\">9&#215;13<\/p>\n<p style=\"text-align: center;\">10&#215;15<\/p>\n<p style=\"text-align: center;\">10&#215;18<\/p>\n<\/div>\n\n\n\n<div class=\"wp-block-column is-layout-flow wp-block-column-is-layout-flow\">\n<h5 style=\"text-align: center;\"><span style=\"font-size: revert; color: initial; font-family: -apple-system, BlinkMacSystemFont, 'Segoe UI', Roboto, Oxygen-Sans, Ubuntu, Cantarell, 'Helvetica Neue', sans-serif;\">\u015arednie<\/span><\/h5>\n<p style=\"text-align: center;\">10&#215;30<\/p>\n<p style=\"text-align: center;\">13&#215;18*<\/p>\n<p style=\"text-align: center;\">13&#215;30<\/p>\n<\/div>\n\n\n\n<div class=\"wp-block-column is-layout-flow wp-block-column-is-layout-flow\">\n<h5 style=\"text-align: center;\"><span style=\"font-size: revert; color: initial; font-family: -apple-system, BlinkMacSystemFont, 'Segoe UI', Roboto, Oxygen-Sans, Ubuntu, Cantarell, 'Helvetica Neue', sans-serif;\">Du\u017ce<\/span><\/h5>\n<p style=\"text-align: center;\">15&#215;21*<\/p>\n<p style=\"text-align: center;\">15&#215;30<\/p>\n<p style=\"text-align: center;\">20&#215;30*<\/p>\n<\/div>\n<\/div>\n\n\n\n<div class=\"wp-block-buttons is-horizontal is-content-justification-center is-layout-flex wp-container-core-buttons-is-layout-499968f5 wp-block-buttons-is-layout-flex\">\n<div class=\"wp-block-button is-style-outline is-style-outline--1\"><a class=\"wp-block-button__link\" href=\"https:\/\/www.fotonet.info?page_id=1163\">Powi\u0119kszenia<\/a><\/div>\n<\/div>\n<\/div>\n\n\n\n<div class=\"wp-block-column is-vertically-aligned-top animated fadeInRightBig is-layout-flow wp-block-column-is-layout-flow\">\n<hr class=\"wp-block-separator has-css-opacity is-style-wide\"\/>\n\n\n\n<h3 class=\"has-text-align-center has-text-color has-background wp-block-heading\" style=\"background-color:#ffffff;color:#565656\">Papier B\u0142yszcz\u0105cy, Matowy lub Jedwabisty<\/h3>\n\n\n\n<hr class=\"wp-block-separator has-css-opacity is-style-wide\"\/>\n\n\n\n<figure class=\"wp-block-nelio-compare-images\"><div class=\"wp-block-nelio-compare-images__comparison-wrapper wp-block-nelio-compare-images__comparison-wrapper--horizontally\" data-position=\"50\" data-direction=\"horizontal\"><div class=\"wp-block-nelio-compare-images__before-image wp-block-nelio-compare-images__before-image--horizontal\"><img decoding=\"async\" width=\"1181\" height=\"941\" class=\"wp-image-1950 lazyload\" data-src=\"https:\/\/www.fotonet.info\/wp-content\/uploads\/2021\/12\/Blysks.jpg\" alt=\"\" data-srcset=\"https:\/\/www.fotonet.info\/wp-content\/uploads\/2021\/12\/Blysks.jpg 1181w, https:\/\/www.fotonet.info\/wp-content\/uploads\/2021\/12\/Blysks-300x239.jpg 300w, https:\/\/www.fotonet.info\/wp-content\/uploads\/2021\/12\/Blysks-1024x816.jpg 1024w, https:\/\/www.fotonet.info\/wp-content\/uploads\/2021\/12\/Blysks-768x612.jpg 768w\" data-sizes=\"(max-width: 1181px) 100vw, 1181px\" src=\"data:image\/svg+xml;base64,PHN2ZyB3aWR0aD0iMSIgaGVpZ2h0PSIxIiB4bWxucz0iaHR0cDovL3d3dy53My5vcmcvMjAwMC9zdmciPjwvc3ZnPg==\" style=\"--smush-placeholder-width: 1181px; --smush-placeholder-aspect-ratio: 1181\/941;\" \/><\/div><div class=\"wp-block-nelio-compare-images__after-image wp-block-nelio-compare-images__after-image--horizontal\" style=\"width:50%\"><img decoding=\"async\" width=\"1181\" height=\"941\" class=\"wp-image-1951 lazyload\" data-src=\"https:\/\/www.fotonet.info\/wp-content\/uploads\/2021\/12\/Mats.jpg\" alt=\"\" data-srcset=\"https:\/\/www.fotonet.info\/wp-content\/uploads\/2021\/12\/Mats.jpg 1181w, https:\/\/www.fotonet.info\/wp-content\/uploads\/2021\/12\/Mats-300x239.jpg 300w, https:\/\/www.fotonet.info\/wp-content\/uploads\/2021\/12\/Mats-1024x816.jpg 1024w, https:\/\/www.fotonet.info\/wp-content\/uploads\/2021\/12\/Mats-768x612.jpg 768w\" data-sizes=\"(max-width: 1181px) 100vw, 1181px\" src=\"data:image\/svg+xml;base64,PHN2ZyB3aWR0aD0iMSIgaGVpZ2h0PSIxIiB4bWxucz0iaHR0cDovL3d3dy53My5vcmcvMjAwMC9zdmciPjwvc3ZnPg==\" style=\"--smush-placeholder-width: 1181px; --smush-placeholder-aspect-ratio: 1181\/941;\" \/><\/div><div class=\"wp-block-nelio-compare-images__divider wp-block-nelio-compare-images__divider--vertical\"><\/div><div class=\"wp-block-nelio-compare-images__handler wp-block-nelio-compare-images__handler--vertical\"><\/div><\/div><\/figure>\n<\/div>\n<\/div>\n\n\n\n<hr class=\"wp-block-separator has-css-opacity is-style-wide\"\/>\n\n\n\n<h3 class=\"has-text-align-center animated fadeInUp has-text-color has-background wp-block-heading\" style=\"background-color:#ffffff;color:#565656\">Rodzaj formatu *<\/h3>\n\n\n\n<hr class=\"wp-block-separator has-css-opacity is-style-wide\"\/>\n\n\n\n<div class=\"wp-block-columns is-layout-flex wp-container-core-columns-is-layout-9d6595d7 wp-block-columns-is-layout-flex\">\n<div class=\"wp-block-column is-vertically-aligned-center is-layout-flow wp-block-column-is-layout-flow\">\n<p><strong>Format standardowy<\/strong> &#8211; odbitka wykonana z negatywu lub pliku w w\/w formatach. Nalez\u0307y pamie\u0328tac\u0301, z\u0307e odbitki z pliko\u0301w cyfrowych z zachowaniem ca\u0142ego kadru, nie zawsze posiadaja\u0328 format 10&#215;15 lecz format 10&#215;13,3. Zaznaczaja\u0328c format wymuszony uzyskujemy format odbitki np. 10&#215;15, wtedy&nbsp; cze\u0328s\u0301c\u0301 zdje\u0328cia be\u0328dzie niewidoczna.<\/p>\n<\/div>\n\n\n\n<div class=\"wp-block-column is-layout-flow wp-block-column-is-layout-flow\">\n<figure class=\"wp-block-nelio-compare-images\"><div class=\"wp-block-nelio-compare-images__comparison-wrapper wp-block-nelio-compare-images__comparison-wrapper--vertically\" data-position=\"50\" data-direction=\"vertical\"><div class=\"wp-block-nelio-compare-images__before-image wp-block-nelio-compare-images__before-image--vertical\"><img decoding=\"async\" width=\"1772\" height=\"1181\" class=\"wp-image-1948 lazyload\" data-src=\"https:\/\/www.fotonet.info\/wp-content\/uploads\/2021\/12\/Wymuszonys.jpg\" alt=\"\" data-srcset=\"https:\/\/www.fotonet.info\/wp-content\/uploads\/2021\/12\/Wymuszonys.jpg 1772w, https:\/\/www.fotonet.info\/wp-content\/uploads\/2021\/12\/Wymuszonys-300x200.jpg 300w, https:\/\/www.fotonet.info\/wp-content\/uploads\/2021\/12\/Wymuszonys-1024x682.jpg 1024w, https:\/\/www.fotonet.info\/wp-content\/uploads\/2021\/12\/Wymuszonys-768x512.jpg 768w, https:\/\/www.fotonet.info\/wp-content\/uploads\/2021\/12\/Wymuszonys-1536x1024.jpg 1536w\" data-sizes=\"(max-width: 1772px) 100vw, 1772px\" src=\"data:image\/svg+xml;base64,PHN2ZyB3aWR0aD0iMSIgaGVpZ2h0PSIxIiB4bWxucz0iaHR0cDovL3d3dy53My5vcmcvMjAwMC9zdmciPjwvc3ZnPg==\" style=\"--smush-placeholder-width: 1772px; --smush-placeholder-aspect-ratio: 1772\/1181;\" \/><\/div><div class=\"wp-block-nelio-compare-images__after-image wp-block-nelio-compare-images__after-image--vertical\" style=\"height:50%\"><img decoding=\"async\" width=\"1772\" height=\"1181\" class=\"wp-image-1949 lazyload\" data-src=\"https:\/\/www.fotonet.info\/wp-content\/uploads\/2021\/12\/Cyfrowys.jpg\" alt=\"\" data-srcset=\"https:\/\/www.fotonet.info\/wp-content\/uploads\/2021\/12\/Cyfrowys.jpg 1772w, https:\/\/www.fotonet.info\/wp-content\/uploads\/2021\/12\/Cyfrowys-300x200.jpg 300w, https:\/\/www.fotonet.info\/wp-content\/uploads\/2021\/12\/Cyfrowys-1024x682.jpg 1024w, https:\/\/www.fotonet.info\/wp-content\/uploads\/2021\/12\/Cyfrowys-768x512.jpg 768w, https:\/\/www.fotonet.info\/wp-content\/uploads\/2021\/12\/Cyfrowys-1536x1024.jpg 1536w\" data-sizes=\"(max-width: 1772px) 100vw, 1772px\" src=\"data:image\/svg+xml;base64,PHN2ZyB3aWR0aD0iMSIgaGVpZ2h0PSIxIiB4bWxucz0iaHR0cDovL3d3dy53My5vcmcvMjAwMC9zdmciPjwvc3ZnPg==\" style=\"--smush-placeholder-width: 1772px; --smush-placeholder-aspect-ratio: 1772\/1181;\" \/><\/div><div class=\"wp-block-nelio-compare-images__divider wp-block-nelio-compare-images__divider--horizontal\"><\/div><div class=\"wp-block-nelio-compare-images__handler wp-block-nelio-compare-images__handler--horizontal\"><\/div><\/div><\/figure>\n<\/div>\n<\/div>\n\n\n\n<div style=\"height:50px\" aria-hidden=\"true\" class=\"wp-block-spacer\"><\/div>\n\n\n\n<div class=\"wp-block-buttons is-layout-flex wp-block-buttons-is-layout-flex\">\n<div class=\"wp-block-button is-style-outline is-style-outline--2\"><a class=\"wp-block-button__link\" href=\"https:\/\/www.fotonet.info\">Wr\u00f3\u0107<\/a><\/div>\n<\/div>\n\n\n\n<p><\/p>\n","protected":false},"excerpt":{"rendered":"<p>Zdj\u0119cia Podstawowe Formaty Ma\u0142e 9&#215;13 10&#215;15 10&#215;18 \u015arednie 10&#215;30 13&#215;18* 13&#215;30 Du\u017ce 15&#215;21* 15&#215;30 20&#215;30* Papier B\u0142yszcz\u0105cy, Matowy lub Jedwabisty&hellip;<\/p>\n","protected":false},"author":1,"featured_media":0,"parent":0,"menu_order":0,"comment_status":"closed","ping_status":"closed","template":"","meta":{"footnotes":""},"class_list":["post-485","page","type-page","status-publish","hentry"],"yoast_head":"<!-- This site is optimized with the Yoast SEO plugin v27.4 - https:\/\/yoast.com\/product\/yoast-seo-wordpress\/ -->\n<title>Zdj\u0119cia podstawowe - R\u00f3\u017cne Formaty - Wywo\u0142ywanie - Tychy<\/title>\n<meta name=\"description\" content=\"Wystawy fotograficzne, wywo\u0142ywanie zdj\u0119\u0107 oraz pe\u0142na gama foto-produkt\u00f3w! Zapraszamy do naszego sklepu w Tychach! + 48 510 238 968\" \/>\n<meta name=\"robots\" content=\"index, follow, max-snippet:-1, max-image-preview:large, max-video-preview:-1\" \/>\n<link rel=\"canonical\" href=\"https:\/\/www.fotonet.info\/?page_id=485\" \/>\n<meta property=\"og:locale\" content=\"en_US\" \/>\n<meta property=\"og:type\" content=\"article\" \/>\n<meta property=\"og:title\" content=\"Zdj\u0119cia podstawowe - R\u00f3\u017cne Formaty - Wywo\u0142ywanie - Tychy\" \/>\n<meta property=\"og:description\" content=\"Wystawy fotograficzne, wywo\u0142ywanie zdj\u0119\u0107 oraz pe\u0142na gama foto-produkt\u00f3w! Zapraszamy do naszego sklepu w Tychach! + 48 510 238 968\" \/>\n<meta property=\"og:url\" content=\"https:\/\/www.fotonet.info\/?page_id=485\" \/>\n<meta property=\"og:site_name\" content=\"Fotonet\" \/>\n<meta property=\"article:publisher\" content=\"https:\/\/www.facebook.com\/fotonettychy\/\" \/>\n<meta property=\"article:modified_time\" content=\"2022-08-24T13:20:22+00:00\" \/>\n<meta property=\"og:image\" content=\"https:\/\/www.fotonet.info\/wp-content\/uploads\/2021\/12\/Formaty-podstawowe_s.png\" \/>\n<meta name=\"twitter:card\" content=\"summary_large_image\" \/>\n<meta name=\"twitter:label1\" content=\"Est. reading time\" \/>\n\t<meta name=\"twitter:data1\" content=\"2 minutes\" \/>\n<script type=\"application\/ld+json\" class=\"yoast-schema-graph\">{\"@context\":\"https:\\\/\\\/schema.org\",\"@graph\":[{\"@type\":\"WebPage\",\"@id\":\"https:\\\/\\\/www.fotonet.info\\\/?page_id=485\",\"url\":\"https:\\\/\\\/www.fotonet.info\\\/?page_id=485\",\"name\":\"Zdj\u0119cia podstawowe - R\u00f3\u017cne Formaty - Wywo\u0142ywanie - Tychy\",\"isPartOf\":{\"@id\":\"https:\\\/\\\/www.fotonet.info\\\/#website\"},\"primaryImageOfPage\":{\"@id\":\"https:\\\/\\\/www.fotonet.info\\\/?page_id=485#primaryimage\"},\"image\":{\"@id\":\"https:\\\/\\\/www.fotonet.info\\\/?page_id=485#primaryimage\"},\"thumbnailUrl\":\"https:\\\/\\\/www.fotonet.info\\\/wp-content\\\/uploads\\\/2021\\\/12\\\/Formaty-podstawowe_s.png\",\"datePublished\":\"2021-09-22T18:41:09+00:00\",\"dateModified\":\"2022-08-24T13:20:22+00:00\",\"description\":\"Wystawy fotograficzne, wywo\u0142ywanie zdj\u0119\u0107 oraz pe\u0142na gama foto-produkt\u00f3w! Zapraszamy do naszego sklepu w Tychach! + 48 510 238 968\",\"breadcrumb\":{\"@id\":\"https:\\\/\\\/www.fotonet.info\\\/?page_id=485#breadcrumb\"},\"inLanguage\":\"en-US\",\"potentialAction\":[{\"@type\":\"ReadAction\",\"target\":[\"https:\\\/\\\/www.fotonet.info\\\/?page_id=485\"]}]},{\"@type\":\"ImageObject\",\"inLanguage\":\"en-US\",\"@id\":\"https:\\\/\\\/www.fotonet.info\\\/?page_id=485#primaryimage\",\"url\":\"https:\\\/\\\/www.fotonet.info\\\/wp-content\\\/uploads\\\/2021\\\/12\\\/Formaty-podstawowe_s.png\",\"contentUrl\":\"https:\\\/\\\/www.fotonet.info\\\/wp-content\\\/uploads\\\/2021\\\/12\\\/Formaty-podstawowe_s.png\",\"width\":591,\"height\":336},{\"@type\":\"BreadcrumbList\",\"@id\":\"https:\\\/\\\/www.fotonet.info\\\/?page_id=485#breadcrumb\",\"itemListElement\":[{\"@type\":\"ListItem\",\"position\":1,\"name\":\"Home\",\"item\":\"https:\\\/\\\/www.fotonet.info\\\/\"},{\"@type\":\"ListItem\",\"position\":2,\"name\":\"Zdj\u0119cia podstawowe\"}]},{\"@type\":\"WebSite\",\"@id\":\"https:\\\/\\\/www.fotonet.info\\\/#website\",\"url\":\"https:\\\/\\\/www.fotonet.info\\\/\",\"name\":\"Fotonet\",\"description\":\"Magia Druku i Fotografii\",\"publisher\":{\"@id\":\"https:\\\/\\\/www.fotonet.info\\\/#organization\"},\"potentialAction\":[{\"@type\":\"SearchAction\",\"target\":{\"@type\":\"EntryPoint\",\"urlTemplate\":\"https:\\\/\\\/www.fotonet.info\\\/?s={search_term_string}\"},\"query-input\":{\"@type\":\"PropertyValueSpecification\",\"valueRequired\":true,\"valueName\":\"search_term_string\"}}],\"inLanguage\":\"en-US\"},{\"@type\":\"Organization\",\"@id\":\"https:\\\/\\\/www.fotonet.info\\\/#organization\",\"name\":\"Fotonet\",\"url\":\"https:\\\/\\\/www.fotonet.info\\\/\",\"logo\":{\"@type\":\"ImageObject\",\"inLanguage\":\"en-US\",\"@id\":\"https:\\\/\\\/www.fotonet.info\\\/#\\\/schema\\\/logo\\\/image\\\/\",\"url\":\"https:\\\/\\\/www.fotonet.info\\\/wp-content\\\/uploads\\\/2022\\\/06\\\/Logo_Kwadrat.jpg\",\"contentUrl\":\"https:\\\/\\\/www.fotonet.info\\\/wp-content\\\/uploads\\\/2022\\\/06\\\/Logo_Kwadrat.jpg\",\"width\":1181,\"height\":1181,\"caption\":\"Fotonet\"},\"image\":{\"@id\":\"https:\\\/\\\/www.fotonet.info\\\/#\\\/schema\\\/logo\\\/image\\\/\"},\"sameAs\":[\"https:\\\/\\\/www.facebook.com\\\/fotonettychy\\\/\",\"https:\\\/\\\/www.instagram.com\\\/fotonet_tychy\\\/\"]}]}<\/script>\n<!-- \/ Yoast SEO plugin. -->","yoast_head_json":{"title":"Zdj\u0119cia podstawowe - R\u00f3\u017cne Formaty - Wywo\u0142ywanie - Tychy","description":"Wystawy fotograficzne, wywo\u0142ywanie zdj\u0119\u0107 oraz pe\u0142na gama foto-produkt\u00f3w! Zapraszamy do naszego sklepu w Tychach! + 48 510 238 968","robots":{"index":"index","follow":"follow","max-snippet":"max-snippet:-1","max-image-preview":"max-image-preview:large","max-video-preview":"max-video-preview:-1"},"canonical":"https:\/\/www.fotonet.info\/?page_id=485","og_locale":"en_US","og_type":"article","og_title":"Zdj\u0119cia podstawowe - R\u00f3\u017cne Formaty - Wywo\u0142ywanie - Tychy","og_description":"Wystawy fotograficzne, wywo\u0142ywanie zdj\u0119\u0107 oraz pe\u0142na gama foto-produkt\u00f3w! Zapraszamy do naszego sklepu w Tychach! + 48 510 238 968","og_url":"https:\/\/www.fotonet.info\/?page_id=485","og_site_name":"Fotonet","article_publisher":"https:\/\/www.facebook.com\/fotonettychy\/","article_modified_time":"2022-08-24T13:20:22+00:00","og_image":[{"url":"https:\/\/www.fotonet.info\/wp-content\/uploads\/2021\/12\/Formaty-podstawowe_s.png","type":"","width":"","height":""}],"twitter_card":"summary_large_image","twitter_misc":{"Est. reading time":"2 minutes"},"schema":{"@context":"https:\/\/schema.org","@graph":[{"@type":"WebPage","@id":"https:\/\/www.fotonet.info\/?page_id=485","url":"https:\/\/www.fotonet.info\/?page_id=485","name":"Zdj\u0119cia podstawowe - R\u00f3\u017cne Formaty - Wywo\u0142ywanie - Tychy","isPartOf":{"@id":"https:\/\/www.fotonet.info\/#website"},"primaryImageOfPage":{"@id":"https:\/\/www.fotonet.info\/?page_id=485#primaryimage"},"image":{"@id":"https:\/\/www.fotonet.info\/?page_id=485#primaryimage"},"thumbnailUrl":"https:\/\/www.fotonet.info\/wp-content\/uploads\/2021\/12\/Formaty-podstawowe_s.png","datePublished":"2021-09-22T18:41:09+00:00","dateModified":"2022-08-24T13:20:22+00:00","description":"Wystawy fotograficzne, wywo\u0142ywanie zdj\u0119\u0107 oraz pe\u0142na gama foto-produkt\u00f3w! Zapraszamy do naszego sklepu w Tychach! + 48 510 238 968","breadcrumb":{"@id":"https:\/\/www.fotonet.info\/?page_id=485#breadcrumb"},"inLanguage":"en-US","potentialAction":[{"@type":"ReadAction","target":["https:\/\/www.fotonet.info\/?page_id=485"]}]},{"@type":"ImageObject","inLanguage":"en-US","@id":"https:\/\/www.fotonet.info\/?page_id=485#primaryimage","url":"https:\/\/www.fotonet.info\/wp-content\/uploads\/2021\/12\/Formaty-podstawowe_s.png","contentUrl":"https:\/\/www.fotonet.info\/wp-content\/uploads\/2021\/12\/Formaty-podstawowe_s.png","width":591,"height":336},{"@type":"BreadcrumbList","@id":"https:\/\/www.fotonet.info\/?page_id=485#breadcrumb","itemListElement":[{"@type":"ListItem","position":1,"name":"Home","item":"https:\/\/www.fotonet.info\/"},{"@type":"ListItem","position":2,"name":"Zdj\u0119cia podstawowe"}]},{"@type":"WebSite","@id":"https:\/\/www.fotonet.info\/#website","url":"https:\/\/www.fotonet.info\/","name":"Fotonet","description":"Magia Druku i Fotografii","publisher":{"@id":"https:\/\/www.fotonet.info\/#organization"},"potentialAction":[{"@type":"SearchAction","target":{"@type":"EntryPoint","urlTemplate":"https:\/\/www.fotonet.info\/?s={search_term_string}"},"query-input":{"@type":"PropertyValueSpecification","valueRequired":true,"valueName":"search_term_string"}}],"inLanguage":"en-US"},{"@type":"Organization","@id":"https:\/\/www.fotonet.info\/#organization","name":"Fotonet","url":"https:\/\/www.fotonet.info\/","logo":{"@type":"ImageObject","inLanguage":"en-US","@id":"https:\/\/www.fotonet.info\/#\/schema\/logo\/image\/","url":"https:\/\/www.fotonet.info\/wp-content\/uploads\/2022\/06\/Logo_Kwadrat.jpg","contentUrl":"https:\/\/www.fotonet.info\/wp-content\/uploads\/2022\/06\/Logo_Kwadrat.jpg","width":1181,"height":1181,"caption":"Fotonet"},"image":{"@id":"https:\/\/www.fotonet.info\/#\/schema\/logo\/image\/"},"sameAs":["https:\/\/www.facebook.com\/fotonettychy\/","https:\/\/www.instagram.com\/fotonet_tychy\/"]}]}},"_links":{"self":[{"href":"https:\/\/www.fotonet.info\/index.php?rest_route=\/wp\/v2\/pages\/485","targetHints":{"allow":["GET"]}}],"collection":[{"href":"https:\/\/www.fotonet.info\/index.php?rest_route=\/wp\/v2\/pages"}],"about":[{"href":"https:\/\/www.fotonet.info\/index.php?rest_route=\/wp\/v2\/types\/page"}],"author":[{"embeddable":true,"href":"https:\/\/www.fotonet.info\/index.php?rest_route=\/wp\/v2\/users\/1"}],"replies":[{"embeddable":true,"href":"https:\/\/www.fotonet.info\/index.php?rest_route=%2Fwp%2Fv2%2Fcomments&post=485"}],"version-history":[{"count":0,"href":"https:\/\/www.fotonet.info\/index.php?rest_route=\/wp\/v2\/pages\/485\/revisions"}],"wp:attachment":[{"href":"https:\/\/www.fotonet.info\/index.php?rest_route=%2Fwp%2Fv2%2Fmedia&parent=485"}],"curies":[{"name":"wp","href":"https:\/\/api.w.org\/{rel}","templated":true}]}}